 of f.
2, 11
Let l = -6 - -11. Suppose 0 = -4*m + v - 9, -l*v + 2*v = 5*m + 24. What are the prime factors of (-5 + 4)*(m - 2)?
5
Suppose -3*a + 48 = a. List the prime factors of a.
2, 3
Let u = 10 - -30. Let t = u + -29. List the prime factors of t.
11
Let c be 8/(-20) - (-54)/10. Let j be c/((-5)/(-2)) - 0. Suppose -j*t + t = -8. What are the prime factors of t?
2
Suppose -230 = -c - 53. List the prime factors of c.
3, 59
Suppose -22 = 2*g - 5*q, 0 = -2*g + g + 2*q - 9. Let i be -2*(-1 - (1 + g)). Suppose -2*p - i*p = -40. What are the prime factors of p?
2, 5
Suppose o - 5*w + 24 = 65, -o + 4*w + 42 = 0. What are the prime factors of o?
2, 23
Let w = 26 - 19. Let g(d) = d**3 - 6*d**2 - 5*d - 3. What are the prime factors of g(w)?
11
Let y(k) = -2*k - 4. Let q be y(-5). Suppose -z + 3*w = -q, -z - z - 2*w = 12. Let l(r) = r**3 + 4*r**2 - 2*r - 4. List the prime factors of l(z).
11
Suppose 28 = 5*n + d, -4*n + 7 + 28 = 5*d. Suppose 0 = n*z - z - 24. Let x = 12 - z. What are the prime factors of x?
2, 3
Suppose 0 = b + 2*h - 0*h, -b = 4*h. Suppose 5*l + 5*a - 17 = 38, 3*l + 2*a - 30 = b. What are the prime factors of l?
2
Suppose -2*p + q + 542 = -2*q, -2*q = -2*p + 538. List the prime factors of p.
5, 53
Let x(g) = 2*g**2 - 2*g - 12. Let j(r) = -r - 6. Let b be j(-12). What are the prime factors of x(b)?
2, 3
Let p = 3 + 2. Suppose 4 - p = -d. Let g = 3 - d. What are the prime factors of g?
2
Let g = 0 + -5. Let d(h) = h**2 + 6*h + 7. Let b be d(g). Suppose -b*j = -2*x, j - 12 = -3*x - 4. What are the prime factors of j?
2
Let v = 593 - 306. What are the prime factors of v?
7, 41
What are the prime factors of (-71)/3*((-2 - 3) + 2)?
71
Suppose 4*y = -y + 10. Let b = y + -16. What are the prime factors of (-4)/(-6) - b/6?
3
Suppose 19 = 3*g + 1. What are the prime factors of g?
2, 3
Let t(o) = -o**3 + 12*o**2 - 8*o + 12. Let h be t(11). Suppose -2*y + 15 = -3*l - 3, 5*y - h = 2*l. What are the prime factors of y?
3
Let u(h) = -12*h - 6. List the prime factors of u(-11).
2, 3, 7
Let k = -45 - -92. Suppose -i = -x + 17, 0*x + 5*i = -x + k. List the prime factors of x.
2, 11
Suppose 2*b = 3*b - 3. What are the prime factors of 16/b*(-6)/(-4)?
2
Suppose -4*v - 264 = -0*v. Let q = v + 107. What are the prime factors of q?
41
Suppose -5*z = -4*b - 416, 0 = -3*b - 5*z - 86 - 191. Let n = -56 - b. Suppose 3*l - n + 13 = 0. List the prime factors of l.
2, 5
What are the prime factors of (((-96)/4)/(-1))/1?
2, 3
What are the prime factors of (-12)/(-9)*75/2?
2, 5
Let v = 129 + -91. List the prime factors of v.
2, 19
Let b(x) be the third derivative of x**4/8 - 5*x**3/6 - 3*x**2. List the prime factors of b(7).
2
Let g = 49 + -19. Let t = g - 10. What are the prime factors of t?
2, 5
Let i = -58 - -29. Let j = -122 + 77. Let n = i - j. List the prime factors of n.
2
Suppose 2*b + k + 0*k = 6, 4*b - 12 = 3*k. Suppose -z = -b*z + 18. List the prime factors of z.
3
Let v = -16 - -24. Let b = v - -8. List the prime factors of b.
2
Let s(b) = -b**3 - 12*b**2 - 13*b - 6. Let y be s(-11). Let w = y - -1. List the prime factors of w.
17
Let q(c) = c**3 + 7*c**2 - 9*c + 6. List the prime factors of q(-8).
2, 7
Suppose 0 = j - 3*o + 15 + 18, 176 = -4*j + o. Let p = -26 - j. What are the prime factors of p?
19
Let k = -1 - -5. Suppose 0 = -t - k*t. Suppose -3*m = -3*y + 36, -4*y - m + 48 = -t*m. What are the prime factors of y?
2, 3
Let o = 11 - 9. Suppose -5*f - 18 = -o*u, f = -3*u - 4*f + 77. What are the prime factors of u?
19
Let q = 2 - 12. Suppose 7*r = 2*r - 30. List the prime factors of (12/q)/(r/40).
2
Suppose 192 = n + 57. List the prime factors of n.
3, 5
Suppose 0 = 5*m - m + 3*h - 9, -4*m - 4*h + 8 = 0. Let v = m - -1. What are the prime factors of v?
2
Let g(x) = -x**3 - 9*x**2 - 6*x + 7. Let j be g(-8). Let c = 14 + j. List the prime factors of c.
5
Let o be 6*-1*2/(-4). Let c(p) = 3*p. Let u(n) = 10*n. Let j(y) = 21*c(y) - 6*u(y). List the prime factors of j(o).
3
Let i be ((-1)/(-2))/((-1)/(-12)). List the prime factors of 2*(-4)/i*-3.
2
Let o(w) = -w**3 - 7*w**2 - 7*w - 10. List the prime factors of o(-7).
3, 13
Suppose 3 = -j, -b + j + 103 = 3*b. What are the prime factors of b?
5
Suppose 4*y - 67 = -r, -5*y + 4 + 121 = 2*r. What are the prime factors of (r/(-15))/(2/(-6))?
11
Let p be ((-42)/2)/(-1 + 0). Suppose 3*x = 3*u - 5*u + p, x = u + 2. List the prime factors of x.
5
Suppose -5*u + 32 = -3. Suppose u*n = 11*n - 148. List the prime factors of n.
37
Let p = 49 + -19. Suppose 0 = 4*i + p - 70. What are the prime factors of i?
2, 5
Let t = 86 - 6. List the prime factors of t.
2, 5
Suppose 4*b = 5*z - 78 - 9, 4*z = 4*b + 72. Suppose -l = 2*l - z. Suppose 31 = 4*t + 5*m, l*t - 27 - 18 = -5*m. What are the prime factors of t?
2, 7
Suppose g - 31 = -k, k - 3*g + 2*g = 23. What are the prime factors of k?
3
Let d = -23 - -18. Let r = 31 + d. List the prime factors of r.
2, 13
Suppose -20*b = -15*b - 25. Suppose 4*i + u - 23 - 166 = 0, u - b = 0. List the prime factors of i.
2, 23
Let m(x) = 9*x + 5. What are the prime factors of m(5)?
2, 5
Let a(k) = -k**3 + 9*k**2 - 7*k - 5. Let s be (-1)/((-1)/(2 - 3)). Let u(h) = 8*h**2 + h + 1. Let f be u(s). What are the prime factors of a(f)?
3
Suppose 0*g - 5*b = g + 13, 17 = 4*g - 3*b. Suppose -g*f + 6 = -2. What are the prime factors of f?
2
Suppose 3*c - 3*n - 2*n = -43, -c = n + 9. Suppose -5*u + 44 = -p + 4*p, -4*u = 3*p - 46. Let x = c + p. What are the prime factors of x?
7
Suppose -288 + 1872 = 8*c. List the prime factors of c.
2, 3, 11
Let w(p) = -4*p - 2. Let d be w(3). Let h = d + 24. List the prime factors of h.
2, 5
Let n = -7 + 9. Let o = n + -1. List the prime factors of 1/((-2)/(-26)) + o.
2, 7
Let r(c) = 2*c**2 + c - 1. Let q be r(1). Suppose -b = -q - 2. List the prime factors of 2*b/6*6.
2
What are the prime factors of (-1 + -2 - -48)/1?
3, 5
Let o(g) = -5*g + 3. Let u be o(-4). Let j = 0 + u. Suppose 0 = 4*f + j - 59. List the prime factors of f.
3
Suppose 0 = s + 2*p - 39, 2*s - p = 33 + 55. What are the prime factors of s?
43
Suppose 0*t = 2*p - 5*t - 111, -p = 4*t - 23. Let c = 74 - p. What are the prime factors of c?
31
Let q(d) be the third derivative of d**8/672 + d**4/12 + d**2. Let s(z) be the second derivative of q(z). What are the prime factors of s(1)?
2, 5
Let z = 54 - 9. What are the prime factors of z?
3, 5
Suppose -254 = -3*d + 406. What are the prime factors of d?
2, 5, 11
Let o(l) = -7*l - 4. Suppose 0 = 3*j + 5 + 7. What are the prime factors of o(j)?
2, 3
Let b(s) = -32*s + 2. Let w be b(-1). Suppose -3*j + 32 + w = 0. What are the prime factors of j?
2, 11
Let t(d) = -d**3 - 14*d**2 - 3*d + 40. What are the prime factors of t(-15)?
2, 5, 31
Let d = 769 + -541. List the prime factors of d.
2, 3, 19
Suppose -10 = -4*y - 5*h + 40, 4*y = -h + 42. Let w = y + -7. List the prime factors of w.
3
Suppose 3*n - 108 = -30. What are the prime factors of n?
2, 13
Let k(x) = -x. Let g(j) = -j - 1. Suppose c + 3 + 1 = 0, -2*w - 5*c = 14. Let m(z) = w*k(z) + g(z). List the prime factors of m(-3).
11
Suppose 5*u - 5 + 0 = 0, -2*j = 2*u - 20. Suppose j = 3*y + 3*s, y = -2*s - 2*s. List the prime factors of y.
2
Let g be (6/(-4))/((-3)/12). Suppose -3*p - 39 = -g*p. List the prime factors of p.
13
Let n(h) = h + 4. Let s be n(-10). Let o be (s - -5)*(0 + -4). List the prime factors of 4*o*(3 - 2).
2
Suppose -2*d - 6 = -0*d. Let u be (d/6)/(2/4). Let x(i) = 5*i**2 + 1. List the prime factors of x(u).
2, 3
What are the prime factors of (-852)/(-9)*6/4?
2, 71
Let g(t) = 2*t**2 - 7*t + 10. List the prime factors of g(5).
5
Suppose 2*m + 6 = q, 15 = -0*m + 5*m + 5*q. Suppose -o + 0*o = 1, 3*o = -l - 19. Let b = m - l. List the prime factors of b.
3, 5
Let j = -1 - -3. Suppose -2*z + 20 = j*z. Suppose 0*h + z*h - 15 = 0. List the prime factors of h.
3
Let q(n) = 4*n + 4. Let d be q(9). Let h = 85 - d. Suppose -5*p - h = -5*a, 2*a + 2 = -5*p + 3*p. List the prime factors of a.
2
Let s(r) be the second derivative of r**4/12 - r**2 + 4*r. What are the prime factors of s(3)?
7
Let h be 2/(-4) - (-186)/12. Suppose -73 = -4*d + h. What are the prime factors of d?
2, 11
List the prime factors of ((-21)/6)/((-4)/56).
7
Suppose v - 270 = -5*v. List the prime factors of v.
3, 5
Suppose -2*r = -3*